{"id":2381,"date":"2020-05-12T12:19:47","date_gmt":"2020-05-12T12:19:47","guid":{"rendered":"https:\/\/ycpcreativos.com\/angelasierra\/?post_type=product&#038;p=2381"},"modified":"2026-02-19T11:44:55","modified_gmt":"2026-02-19T10:44:55","slug":"programa-aurora","status":"publish","type":"product","link":"https:\/\/ycpcreativos.com\/angelasierra\/product\/programa-aurora\/","title":{"rendered":"Programa Aurora"},"content":{"rendered":"<h3><strong>\u00c1reas en las que trabajaremos para revertir el Dolor cr\u00f3nico u otro tipo de s\u00edntomas:<\/strong><\/h3>\n<ul>\n<li>Educaci\u00f3n en neurociencias del dolor<\/li>\n<li>Miedo<\/li>\n<li>Otras emociones<\/li>\n<li>Movimiento<\/li>\n<li>Estr\u00e9s<\/li>\n<li>Ansiedad<\/li>\n<li>Otros<\/li>\n<\/ul>\n<h3><strong>Lo que conseguir\u00e1s al finalizar Aurora:<\/strong><\/h3>\n<ul>\n<li>Comprender el por qu\u00e9 de tu dolor u otros s\u00edntomas de forma constante y limitante.<\/li>\n<li>Responder\u00e1s todas tus dudas y preguntas que siempre te has hecho sobre el dolor o s\u00edntomas que tanto tiempo llevan acompa\u00f1\u00e1ndote.<\/li>\n<li>Sabr\u00e1s aplicar correctamente las herramientas pr\u00e1cticas que funcionan para salir de esa situaci\u00f3n paso a paso.<\/li>\n<li>Cambiaras tu forma de ver y relacionarte con el dolor u otros s\u00edntomas y contigo mismo\/a.<\/li>\n<li>Te sentir\u00e1s capaz de afrontar y abordar el dolor u otros s\u00edntomas desde lo que s\u00ed funciona.<\/li>\n<li>Entender\u00e1s no s\u00f3lo qu\u00e9 activa tu dolor sino c\u00f3mo puedes desactivarlo.<\/li>\n<li>Sabr\u00e1s qu\u00e9 puedes hacer para calmar, regular tu sistema nervioso y recuperar tu energ\u00eda.<\/li>\n<li>Volver a moverte con confianza.<\/li>\n<li>Reconectar con tu mente desde la seguridad, no desde el miedo.<\/li>\n<li>Reencontrarte con tu bienestar y equilibrio interior.<\/li>\n<\/ul>\n<h3><strong>\u00bfQu\u00e9 incluye Aurora?<\/strong><\/h3>\n<p>El programa est\u00e1 dise\u00f1ado para ser flexible, profundo y completamente adaptado a ti. Por eso incluye:<\/p>\n<ul>\n<li>Una historia cl\u00ednica personalizada, para conocer tu caso y hacerte un traje a medidas.<\/li>\n<li>6 Sesiones individuales conmigo de 60 minutos v\u00eda Zoom.<\/li>\n<li>Acceso a grabaci\u00f3n de cada sesi\u00f3n para que la tengas siempre.<\/li>\n<li>Herramientas terap\u00e9uticas adaptadas a tu caso.<\/li>\n<li>Materiales complementarios y cuadernos de trabajo.<\/li>\n<li>Hoja de ruta personalizada con los pasos a seguir.<\/li>\n<li>Acompa\u00f1amiento y soporte en todo el proceso v\u00eda email.<\/li>\n<\/ul>\n<p>\u2714\ufe0f BONUS: Acceso gratuito 3 meses m\u00e1s a la comunidad de pr\u00e1ctica grupal ESPACIO SEGURO \ud83d\udd10<br \/>\n\u2714\ufe0f BONUS: Curso comprende-Te<\/p>\n<p>Duraci\u00f3n: 3 meses<br \/>\nModalidad: Online<\/p>\n","protected":false},"excerpt":{"rendered":"<p><strong>3 meses de trabajo profundo<\/strong> donde aprender\u00e1s c\u00f3mo puedes revertir el Dolor cr\u00f3nico u otros s\u00edntomas disfuncionales desde la ra\u00edz y de forma natural.<\/p>\n<p>\u00bfPrefieres pagar a plazos? <a href=\"https:\/\/buy.stripe.com\/7sYdR8aqX8TP6yXe4c48002\" target=\"_blank\" rel=\"noopener\">Haz clic aqu\u00ed para el pago fraccionado (3 cuotas mensuales de 299\u20ac)<\/a><\/p>\n","protected":false},"featured_media":28292,"template":"","meta":[],"product_brand":[],"product_cat":[196],"product_tag":[],"class_list":{"0":"post-2381","1":"product","2":"type-product","3":"status-publish","4":"has-post-thumbnail","6":"product_cat-sin-categorizar","8":"first","9":"instock","10":"shipping-taxable","11":"product-type-external"},"_links":{"self":[{"href":"https:\/\/ycpcreativos.com\/angelasierra\/wp-json\/wp\/v2\/product\/2381","targetHints":{"allow":["GET"]}}],"collection":[{"href":"https:\/\/ycpcreativos.com\/angelasierra\/wp-json\/wp\/v2\/product"}],"about":[{"href":"https:\/\/ycpcreativos.com\/angelasierra\/wp-json\/wp\/v2\/types\/product"}],"wp:featuredmedia":[{"embeddable":true,"href":"https:\/\/ycpcreativos.com\/angelasierra\/wp-json\/wp\/v2\/media\/28292"}],"wp:attachment":[{"href":"https:\/\/ycpcreativos.com\/angelasierra\/wp-json\/wp\/v2\/media?parent=2381"}],"wp:term":[{"taxonomy":"product_brand","embeddable":true,"href":"https:\/\/ycpcreativos.com\/angelasierra\/wp-json\/wp\/v2\/product_brand?post=2381"},{"taxonomy":"product_cat","embeddable":true,"href":"https:\/\/ycpcreativos.com\/angelasierra\/wp-json\/wp\/v2\/product_cat?post=2381"},{"taxonomy":"product_tag","embeddable":true,"href":"https:\/\/ycpcreativos.com\/angelasierra\/wp-json\/wp\/v2\/product_tag?post=2381"}],"curies":[{"name":"wp","href":"https:\/\/api.w.org\/{rel}","templated":true}]}}